pose -8*y - 4*y + 36 = 0. Calculate the remainder when u is divided by y.
0
Suppose -l + 3 = 2*l. Calculate the remainder when (-87)/(-27) - 2/9 is divided by l.
0
Let f be (-6)/(-21) - 8/28. Suppose f = 26*m - 21*m - 60. Calculate the remainder when (-86)/(-4) + 2/4 is divided by m.
10
Suppose 4*d + 3*x = -x + 16, -26 = -3*d + 4*x. Suppose a - 39 = 4*c, a = c + 23 + 4. Calculate the remainder when a is divided by d.
5
Let u = 34 + -93. Let n = 100 + u. Let b = n + -9. What is the remainder when b is divided by 11?
10
Suppose 74 = 2*l - 4*i, 0*l - 5*i + 96 = 4*l. Let j = l - 20. Calculate the remainder when j is divided by 5.
4
Suppose 0 = -2*r, -t - r - 4 + 0 = 0. Calculate the remainder when (-78)/(t/2) - 0 is divided by 20.
19
Suppose 5*q = n - 56, -q + 6 = -4*q. Calculate the remainder when n is divided by 24.
22
Let b be ((-4)/5)/((-1)/(-5)). Calculate the remainder when ((-16)/b)/(1/13) is divided by 18.
16
Let n be (-40)/(-6)*48/(-20). Let f = n + 39. What is the remainder when f is divided by 8?
7
Suppose -12*a + 19*a = 126. What is the remainder when 33 is divided by a?
15
Let q(i) = -i - 2. Let m be q(4). Let s(o) = o**2 - 2*o + 1. Calculate the remainder when s(m) is divided by 13.
10
Let k be 2/6 - (-66)/18. Suppose 2*o + k = 12. Calculate the remainder when o is divided by 3.
1
Suppose -6 = c - 2*c. Let v(x) = x**2 - 5*x + 8. Suppose -21 = -2*y + 5*n + 38, -n = -2*y + 55. Calculate the remainder when y is divided by v(c).
13
Let i(w) = 3*w**2 + 4*w - 14. What is the remainder when 89 is divided by i(-4)?
17
Suppose -c + 15 = 5*t - 0*t, -3*c + 25 = 5*t. Suppose 4*b - t*n + 53 = -1, -5*b + n = 63. What is the remainder when 62 is divided by 3/b + (-255)/(-12)?
20
Suppose 3*g - 54 = 24. Let i = g + 14. What is the remainder when i is divided by 14?
12
Let c(f) = f**3 - 4*f**2 + f - 5. Let i be c(6). Suppose 4*q + 5 = i. What is the remainder when q is divided by (0 - -9)*(-2)/(-3)?
5
Let f(z) = -z**3 - 6*z**2 + 8*z + 1. Let k be f(-8). Suppose 0 = -j + 2*j - k. What is the remainder when (-2*1)/((-10)/j) is divided by 4?
1
Let x(d) = 9*d - 4. Calculate the remainder when 54 is divided by x(2).
12
Let v = 348 + -131. Let p = v + -131. What is the remainder when p is divided by 22?
20
Suppose -4*o = -z + 2 - 14, -z + 13 = o. Calculate the remainder when 30 is divided by z.
6
Suppose 225 = 3*u - 3*k, u = -6*k + 2*k + 50. Suppose -5*w = -3*t - 38, -5*w - 5*t + u = -0*w. What is the remainder when 37 is divided by w?
7
Let k(u) = 5*u - 12. Let f(l) = 5*l - 11. Let x(w) = 4*f(w) - 3*k(w). Calculate the remainder when x(6) is divided by 12.
10
Suppose 6 = 4*y + 2. Let k = -16 + 26. What is the remainder when 14*2 - -2 - y is divided by k?
9
Let n(o) = -o + 5. Let v be n(5). Suppose -3*d + 9 = -v*d. What is the remainder when 7 is divided by d?
1
Let c(b) = -b**3 - 8*b**2 - 7*b + 4. Let o be c(-7). Suppose -q - o*q + 80 = 0. What is the remainder when q is divided by 6?
4
Let b = 2 - -56. What is the remainder when b is divided by 15?
13
Let c(f) = -f**3 + f**2 + 1 + 3 + 5*f - 2*f**2. What is the remainder when 25 is divided by c(-3)?
4
Let r be (0/3)/(1/1). Calculate the remainder when 0 + 19 + (0 - r) is divided by 5.
4
Suppose -289 = -4*k + 75. What is the remainder when k is divided by 23?
22
Let g = 14 + -6. Let h(k) = -3*k + 5*k - 1 + 4*k. Calculate the remainder when h(4) is divided by g.
7
Suppose 9*g + 25 = 14*g. Suppose -3*r + 24 = g*p, 2 = 5*p + 17. Calculate the remainder when 36 is divided by r.
10
Suppose -5*a + 245 - 60 = 0. Suppose -2*w + 1 + 9 = 0. Let o(r) = -r**3 + 6*r**2 - 3*r + 3. What is the remainder when a is divided by o(w)?
11
Suppose -3*p = -225 + 3. Suppose -10 = 5*x, 5*m + 2*x - 7 = p. Calculate the remainder when 67 is divided by m.
16
Suppose -l + 70 = 3*h, -453 = -4*l - 5*h - 159. What is the remainder when l is divided by 4/(-1 - 0)*(-962)/148?
24
Suppose -3*u + 240 = u. Calculate the remainder when u is divided by 31.
29
Let r(q) = -q + 33. Calculate the remainder when 103 is divided by r(18).
13
Let y be 63/(-2) - (-3)/(-6). Let n(u) = 7*u**2 + 4*u + 2. Let a be n(-3). Let m = y + a. What is the remainder when m is divided by 11?
10
Let o be (9/6)/(6/16). Suppose -h = -o*w + 3*w - 16, -5*h + 2*w = -65. What is the remainder when 30 is divided by h?
8
Suppose j + 8 = 2*j - 4*h, -h = -5*j + 59. Calculate the remainder when 70 is divided by j.
10
Let l = -121 - -136. What is the remainder when 58 is divided by l?
13
Calculate the remainder when (-16)/(-56) - (-117)/7 is divided by 6.
5
Suppose 0 = -4*u + 2 + 2, 2*q + 3*u - 249 = 0. Calculate the remainder when q is divided by 18.
15
Let g = 15 + -5. What is the remainder when g is divided by 4?
2
Suppose 1 + 33 = -q. Suppose 3*d - 7*d + 212 = 0. Let y = q + d. Calculate the remainder when y is divided by 7.
5
Let d(g) = -31*g + 1. Let n be d(-1). Suppose n = 6*z - 5*z. Calculate the remainder when z is divided by 9.
5
Suppose 49 = 4*k + 5*t, -2*t = -10 - 0. Calculate the remainder when k is divided by 5.
1
Suppose 2*s + 3*h - 5 = -1, 8 = 4*s - h. Suppose 0 = -5*m + s*m. Suppose 4*q + b - 173 = -0*b, m = 5*q - b - 205. What is the remainder when q is divided by 15?
12
Suppose 2*g + 43 = 3*z, 0 = 5*z - 2*g + 4*g - 61. Calculate the remainder when z is divided by 4.
1
Let l(x) = 9*x**2 + 2*x + 1. Let h be l(-1). Let o be h/28 - 144/14. Let w = 65 + o. Calculate the remainder when w is divided by 19.
17
Calculate the remainder when 4/(-22) + (-202)/(-22) is divided by 2*(-6)/((-12)/5).
4
What is the remainder when (-9)/(-6) + (-66)/(-4) is divided by 5?
3
What is the remainder when (2 + 1)*29/3 is divided by 10?
9
Let w(c) = c**2 - 12*c + 4. Calculate the remainder when w(13) is divided by 4.
1
Suppose -4*g = -6*g + 20. Calculate the remainder when 24 is divided by g.
4
Suppose 0 = -3*m + 18. Calculate the remainder when 9 is divided by m.
3
Let d(l) = l**3 + 8*l**2 - 2*l + 9. Let f be d(-8). Calculate the remainder when (f*-2)/(0 - 1) is divided by 17.
16
Let p = 14 + 3. Calculate the remainder when (-104)/(-2) + -1 + (2 - 4) is divided by p.
15
Let w(u) = u**2 - 9*u - 8. What is the remainder when w(-6) is divided by 21?
19
Suppose 5*s - 253 = -3*h, -3*h = -3*s + h + 146. What is the remainder when s is divided by 28?
22
Suppose -n - 1 = s, -3*n - n = 5*s + 1. What is the remainder when 12 is divided by s?
0
Suppose 0 = -v + 1, -8*s + 2*v = -9*s + 50. Suppose -3*t = -43 - 8. What is the remainder when s is divided by t?
14
Suppose 27 = -2*z + 4*z + f, -z = -2*f - 6. Calculate the remainder when 59 is divided by z.
11
Suppose -2*x - 3*x + 25 = 0. What is the remainder when 8 is divided by x?
3
Let s(f) = -f + 9. What is the remainder when 37 is divided by s(-5)?
9
Suppose 25 = -5*y, 3*a + 3*y + y + 50 = 0. What is the remainder when 28 is divided by (-25)/2*12/a?
13
Suppose 0 = -3*k + 5*i + 9 - 49, 0 = k + i. Let o = k + 13. Let n(g) = -g**2 + 8*g - 9. Calculate the remainder when o is divided by n(6).
2
Let x(v) = 5*v**3 + v**2 - 2*v + 1. Let y be x(1). Suppose m - 3*q = -4 + 46, y*q = 0. Let f(u) = 10*u - 18. Calculate the remainder when m is divided by f(4).
20
Let y = 21 - 14. Calculate the remainder when 25 is divided by y.
4
Suppose 2*t + 102 = 4*y, 2*y - 6*y - t = -93. What is the remainder when y is divided by 288/60 + (-2)/(-10)?
4
Calculate the remainder when 33 is divided by (23 - 17)/((-2)/(-7)).
12
Suppose 5*g = -10, 0 = p - 6*p + 5*g + 20. Let m(k) = 3*k - 12. What is the remainder when (-345)/(-10) - 1/p is divided by m(8)?
10
Let j(l) = 3*l - 1 + 0*l - 4*l**2 + 5*l**2. Let s = 8 + 18. Calculate the remainder when s is divided by j(2).
8
Let r = 0 - -13. What is the remainder when 23 is divided by r?
10
Calculate the remainder when 10 is divided by (9/6)/(1/4).
4
Let o(s) be the first derivative of s**3/3 - 7*s**2/2 + 7*s + 2. Suppose -20 = -4*c - 4. What is the remainder when o(7) is divided by c?
3
Suppose 15*o - 4 = 11*o. Calculate the remainder when 2 is divided by o.
0
Suppose -2*u - 2 = -m - 1, 2*m = 2*u + 6. Suppose m*j - f - 76 = 0, 4*f - 2 = 14. Let b = j - 7. What is the remainder when b is divided by 5?
4
Calculate the remainder when 6/(-14) + (-367)/(-7) is divided by 19.
14
Suppose -3*m = -5*l - 5*m + 39, -2*l = -4*m - 30. Calcula